{"id":1462,"date":"2023-11-27T16:44:00","date_gmt":"2023-11-27T16:44:00","guid":{"rendered":"https:\/\/sites.dundee.ac.uk\/alessio-ciulli\/?page_id=1462"},"modified":"2026-01-26T14:31:44","modified_gmt":"2026-01-26T14:31:44","slug":"dr-daphne-truan","status":"publish","type":"page","link":"https:\/\/sites.dundee.ac.uk\/alessio-ciulli\/group\/past-group-members\/dr-daphne-truan\/","title":{"rendered":"Dr Daphn\u00e9 Truan"},"content":{"rendered":"<div class=\"panel \">\n<figure class=\"wp-block-image size-large\"><source class=\"lazyload\" srcset=\"https:\/\/sites.dundee.ac.uk\/wp-content\/uploads\/sites\/233\/2023\/11\/Daphne-Truan.webp\" alt=\"Dr Daphn\u00e9 Truan\" type=\"image\/webp\"><source class=\"lazyload\" srcset=\"https:\/\/sites.dundee.ac.uk\/wp-content\/uploads\/sites\/233\/2023\/11\/Daphne-Truan.jpg\" alt=\"Dr Daphn\u00e9 Truan\" type=\"image\/jpeg\"><img decoding=\"async\" src=\"https:\/\/sites.dundee.ac.uk\/wp-content\/uploads\/sites\/233\/2023\/11\/Daphne-Truan.jpg\" alt=\"Dr Daphn\u00e9 Truan\"><br \/>\n  <\/source><\/source><\/figure>\n<h2>Degree(s)<\/h2>\n<p>PhD.: 2011, Eidgen\u00f6ssische Technische Hochschule Z\u00fcrich (ETHZ)<br \/>\nMSc: 2006, \u00c9cole Polytechnique F\u00e9d\u00e9rale de Lausanne (EPFL)<\/p>\n<h2>Profile<\/h2>\n<p>Past Member To and From Dates: May 2012 \u2013 September 2013<br \/>\nPast Member Current Position: Scientist, Crucell, Netherlands<\/p>\n<p>Daphn\u00e9 is from Lausanne (Switzerland) where she obtained a Master in Physics (Master thesis project performed on Cell Biophysics at the New York University Medical Center). Daphn\u00e9 has a passion for protein-ligand interactions. After a PhD in Structural Biology at the Swiss Light Source (part of the ETHZ domain) and a first postdoc in Molecular modeling (MD simulations &amp; docking) at Vrije Universiteit Amsterdam, she decided to join the Ciulli group in May 2012 to enlarge her skills in drug discovery. She likes being multidisciplinary in both her work (X-ray crystallography, molecular modeling, biochemical techniques) and private life (music, sports, art, traveling, diverse social activities).<\/p>\n<\/p><\/div>\n","protected":false},"excerpt":{"rendered":"<p>Degree(s) PhD.: 2011, Eidgen\u00f6ssische Technische Hochschule Z\u00fcrich (ETHZ) MSc: 2006, \u00c9cole Polytechnique F\u00e9d\u00e9rale de Lausanne (EPFL) Profile Past Member To and From Dates: May 2012 \u2013 September 2013 Past Member Current Position: Scientist, Crucell, Netherlands Daphn\u00e9 is from Lausanne (Switzerland) where she obtained a Master in Physics (Master thesis project performed on Cell Biophysics at [&hellip;]<\/p>\n","protected":false},"author":1,"featured_media":0,"parent":575,"menu_order":0,"comment_status":"closed","ping_status":"closed","template":"","meta":{"footnotes":""},"class_list":["post-1462","page","type-page","status-publish","hentry"],"blocksy_meta":[],"_links":{"self":[{"href":"https:\/\/sites.dundee.ac.uk\/alessio-ciulli\/wp-json\/wp\/v2\/pages\/1462","targetHints":{"allow":["GET"]}}],"collection":[{"href":"https:\/\/sites.dundee.ac.uk\/alessio-ciulli\/wp-json\/wp\/v2\/pages"}],"about":[{"href":"https:\/\/sites.dundee.ac.uk\/alessio-ciulli\/wp-json\/wp\/v2\/types\/page"}],"author":[{"embeddable":true,"href":"https:\/\/sites.dundee.ac.uk\/alessio-ciulli\/wp-json\/wp\/v2\/users\/1"}],"replies":[{"embeddable":true,"href":"https:\/\/sites.dundee.ac.uk\/alessio-ciulli\/wp-json\/wp\/v2\/comments?post=1462"}],"version-history":[{"count":1,"href":"https:\/\/sites.dundee.ac.uk\/alessio-ciulli\/wp-json\/wp\/v2\/pages\/1462\/revisions"}],"predecessor-version":[{"id":4611,"href":"https:\/\/sites.dundee.ac.uk\/alessio-ciulli\/wp-json\/wp\/v2\/pages\/1462\/revisions\/4611"}],"up":[{"embeddable":true,"href":"https:\/\/sites.dundee.ac.uk\/alessio-ciulli\/wp-json\/wp\/v2\/pages\/575"}],"wp:attachment":[{"href":"https:\/\/sites.dundee.ac.uk\/alessio-ciulli\/wp-json\/wp\/v2\/media?parent=1462"}],"curies":[{"name":"wp","href":"https:\/\/api.w.org\/{rel}","templated":true}]}}